k. List the prime factors of z.
149
Let m = -14 - -1. Let p be 28/3*18/6. Let u = p + m. List the prime factors of u.
3, 5
Suppose 5*s = -3*w + 3290, 6*s - 9*s + 5*w + 1940 = 0. List the prime factors of s.
5, 131
Let w(g) = g**3 - 6*g**2 - 7*g + 4. Let p be w(7). Suppose m - 9 + 5 = 0. Suppose p*l - 70 = 5*v - 3*v, 72 = 4*l - m*v. List the prime factors of l.
17
Suppose 0 = -6*w + 7*w + 145. Let c = w - -82. What are the prime factors of (-316)/(-14) + (-27)/c?
23
Let m(l) = -15*l**3 + 3*l + 5 + 2*l**2 - 9*l**2 + 2 + 16*l**3. Let t = 21 - 14. What are the prime factors of m(t)?
2, 7
What are the prime factors of 89*(-6)/(-30)*5?
89
Suppose 0 = d + d + m - 12, 5*m = 5*d. Let a be (15 - 13)*(-2)/(-4). Suppose 14 = d*t + 2*p, 2*p = -11 + a. List the prime factors of t.
2, 3
Let k be (6/(-9))/(4/(-6)). Let r be k - -1*(1 + 1). Suppose 0 = -r*v + 12, o + 4*v - 32 = 15. What are the prime factors of o?
31
Let o = 178 + 112. What are the prime factors of o?
2, 5, 29
Let o(n) = 7*n**2 - 22*n + 5. List the prime factors of o(5).
2, 5, 7
Let p(b) = b - 4. Let v be p(4). Let h be (-3 - -3)*2/4. Suppose v = x, 0 = t - h*t - x - 11. What are the prime factors of t?
11
Suppose 3*b = -b + 140. Let g = b + -5. List the prime factors of 468/g - (-4)/10.
2
Let h = -31 - -29. Let u = h + 25. Let n = -12 + u. List the prime factors of n.
11
Let k(p) = -p**3 - p**2 + p + 30. Let d be k(0). Let q = 60 - d. Suppose 4*f - 8*f - 5*s = -33, -2*s = 4*f - q. List the prime factors of f.
7
Suppose 23*u - 108 = 2399. List the prime factors of u.
109
Suppose w = -3*s + 532, w - 1055 = -w - 3*s. List the prime factors of w.
523
Suppose -t - 4979 = -5*o, -3*o + 4*t + 2937 + 64 = 0. List the prime factors of o.
5, 199
Let z(y) = -y**3 + 9*y**2 + 22*y + 16. What are the prime factors of z(9)?
2, 107
Let p(a) = 3*a**2 + 224*a - 11. What are the prime factors of p(12)?
3109
Let i(k) = k**2 - 2*k - 4. Let g be i(4). Suppose -317 - 28 = -g*n - 5*w, -2*w = -n + 83. List the prime factors of n.
5, 17
Let s(w) = 0*w**3 + 7*w**2 - 3*w + 1 - 6*w**2 + w**3 + 7*w**2. Let n(k) = -k**2 - 8*k - 20. Let y be n(-6). What are the prime factors of s(y)?
5
Suppose 4*r = -5*z + 878 + 604, 4*z = 5*r - 1873. What are the prime factors of r?
373
What are the prime factors of (-12)/(17 - -67) + 3494/7?
499
Let f(c) = c**2 + 5*c - 8. Let m be f(-20). Suppose m = q + 3*q. List the prime factors of q.
73
Let z be -3 - 3*(-5 + 13). What are the prime factors of (z/36)/(1/(-52))?
3, 13
Let k be 2*19/7 + (-6)/14. Suppose k*c = c + 336. What are the prime factors of c?
2, 3, 7
Let j = 42 + 6. Suppose h + 2*h - j = 0. What are the prime factors of h?
2
Let i(h) be the second derivative of 7*h**4/6 - 5*h**2/2 - 19*h. What are the prime factors of i(3)?
11
Let u = 605 - -125. What are the prime factors of u?
2, 5, 73
Let w(d) = -2 + 3*d + 3 - 2*d**2 + 3 + 3. Let c be w(5). Let t = c - -45. What are the prime factors of t?
17
Let o(y) = 3*y + 14. Let z(i) = 1. Let d(n) = -o(n) - 2*z(n). Let h be d(-6). Suppose 4*g - 2*r = 198, -g + h*r = g - 94. List the prime factors of g.
2, 13
Let n = 559 - 91. List the prime factors of n.
2, 3, 13
Let f(w) = -8*w**3 - 6*w**2 + 8*w - 3. List the prime factors of f(-4).
3, 127
Suppose 0 = -5*w + 10, -2*o = -w + 5*w - 1094. List the prime factors of o.
3, 181
Suppose -3*l = -i, 2*l = 4 - 0. Let j(p) = -2*p**2 + 9*p - 4. Let h be j(i). List the prime factors of (-172)/h - 4/(-22).
2
Let f(y) = 2*y - 1. Let l(z) = 2 - 2 + 0*z - 2 + 4*z. Let a(c) = 7*f(c) - 4*l(c). What are the prime factors of a(-11)?
23
Suppose -z + 3*z + 3*n - 4 = 0, 3*z - 2*n = 6. Suppose -z*h + 4*h + 8 = 0. Let a(k) = -k**3 - 3*k**2 + k - 1. What are the prime factors of a(h)?
11
Let v = 1905 - -2189. What are the prime factors of v?
2, 23, 89
Let h(t) = 16*t**3 - 68*t**2 + 10*t - 4. What are the prime factors of h(6)?
2, 7, 19
Let m(w) = -w**3 - 6*w**2 - 4*w - 8. Let o be m(-6). Let f = o + -13. Suppose -5*q + 110 = f*v + 15, -61 = -3*q - v. What are the prime factors of q?
2, 11
Let w(l) = -8*l + 69. Let x be w(8). Suppose 2*d - r + 677 = 5*d, 1129 = x*d + 2*r. What are the prime factors of d?
3, 5
Let z = -16 - -22. Let f be (-9)/z*(-4)/2. Suppose -f*n = -0*n - 93. What are the prime factors of n?
31
Suppose 0 = -u - 14 + 16, 2*x = -u + 5164. What are the prime factors of x?
29, 89
What are the prime factors of -3 - (-120)/45 - 4610/(-6)?
2, 3
Let o(l) = 2*l**2 - 31*l + 27. List the prime factors of o(21).
2, 3, 43
Let x = -46 - -717. Let k = 1003 - x. What are the prime factors of k?
2, 83
Suppose 2278 = 2*y + 3*b, -13*b + 17*b + 1139 = y. What are the prime factors of y?
17, 67
What are the prime factors of (33/(-4) + 7)*-28?
5, 7
Suppose 14 = -4*r - 2*m, -5*r - 22 = m - 0*m. List the prime factors of (-6864)/(-65) - (7/r + 1).
2, 53
Let k = -6 + 8. Suppose -y + 42 = -j - j, k*y = 3*j + 88. What are the prime factors of y?
2, 5
Let t = 24 - 22. Let y(c) = 37*c + 4. What are the prime factors of y(t)?
2, 3, 13
Suppose -103*c = -101*c - 1530. What are the prime factors of c?
3, 5, 17
List the prime factors of ((-166)/4 - 0)*-20*1.
2, 5, 83
Let a(l) = -l**3 + 5*l**2 + 4. Let t be a(5). Let x be t + -5 + 0 + 20. Suppose 5*u = -r + 148, -2*u + 5*r + 62 = x. What are the prime factors of u?
29
List the prime factors of (-332 + -2)*(-5 + 2)/3.
2, 167
What are the prime factors of 20/(-90) - (-46811)/9?
7, 743
Let s(c) = 1 - 58*c**2 - 7*c + 6 - c**3 + 51*c**2. List the prime factors of s(-7).
2, 7
Let f(z) = 71*z**2 + 194*z - 1168. List the prime factors of f(6).
2, 11, 29
Let b(a) = a**3 - 11*a**2 + 3. Let g be b(11). Let q(t) = 17*t + 5. Let v be q(g). Suppose -3*m + 31 = -v. What are the prime factors of m?
29
Let v = -88 - -123. Let b(n) = n**2 + 9*n + 7. Let p be b(7). Suppose 4*m + v = p. What are the prime factors of m?
3, 7
Let u(h) = -2*h + 55. Let x(l) = -l + 27. Let b(s) = -2*u(s) + 5*x(s). Let o = -285 - -296. What are the prime factors of b(o)?
2, 7
Let a = -45 - -47. Suppose -4*q - a*m = -404, -5*q = -q - 2*m - 412. List the prime factors of q.
2, 3, 17
Let t be 60/27 - (-2)/(-9). Suppose 26 = t*s - 120. Let q = 108 - s. What are the prime factors of q?
5, 7
Let p = -38 - -32. Let t(i) = i**3 + 5*i**2 - 6*i + 3. What are the prime factors of t(p)?
3
Let i(t) = t + 8. Let a be i(-4). Suppose 123 - 7 = a*m. List the prime factors of 1 + (m - (2 - 1)).
29
Let t = 128 + -75. List the prime factors of t.
53
What are the prime factors of 1208/(1/(-1) + 3)?
2, 151
Let f = 6 - 3. Suppose f*m = 4*t + 6*m - 107, 3*m = -t + 20. What are the prime factors of t?
29
Let d be 58 + -4 - (1 - -1). Suppose 5*i = i + d. List the prime factors of 6/4 + i/2.
2
Let r = -12 + 12. Let d = r + 26. What are the prime factors of d?
2, 13
Suppose 6*g - 85 = 545. Let h(f) = f**2 - f - 4. Let n be h(4). What are the prime factors of (n/10)/(2/g)?
2, 3, 7
Suppose 22*r - 6 = 19*r. Suppose 6*k = 4*h + k - 135, r*h - 5*k = 75. List the prime factors of h.
2, 3, 5
Suppose -9*z + 2495 = -2527. What are the prime factors of z?
2, 3, 31
Suppose 40 = 2*t + 2. Let i = 33 + -29. Suppose i*j + t = 131. What are the prime factors of j?
2, 7
Let z(t) be the third derivative of -11*t**4/8 - 3*t**3/2 - 12*t**2. What are the prime factors of z(-3)?
2, 3, 5
Let y(w) = -w**3 - w**2 - 3*w - 1. Let m be y(-2). Suppose -l = -4*r + m, 5*r = -5*l + 30 - 0. Suppose 0 = -r*j + 4*j - 5. What are the prime factors of j?
5
Let q(w) = -234*w - 21. List the prime factors of q(-4).
3, 5, 61
Let s = 7349 - 5066. List the prime factors of s.
3, 761
Suppose 4*y - 4 = 4. Suppose -l + 5 = -4*m + 6*m, 2*m = -y*l + 10. Let j(i) = i**2 - 4*i + 1. List the prime factors of j(l).
2, 3
Let f be ((-12)/2)/(6 - 1099/182). Let l = 421 - f. What are the prime factors of l?
5, 53
Let i(b) = b**3 - 6*b**2 + 9*b + 1. Let q be i(4). Suppose 3*j + 489 = 3*c, -2*c + c + q*j = -167. List the prime factors of c.
2, 3
Suppose -5*g = r + 10, 0 = -4*r - g - 0*g - 2. Suppose 2*b + 3*b = r. Suppose b = -2*x + 43 - 1. What are the prime factors of x?
3, 7
Suppose 4*d - 8*d + 2520 = 0. Suppose -9*t + d = -4*t. List the prime factors of t.
2, 3, 7
What are the prime factors of (-11)/(165/(-54))*110*1?
2, 3, 11
Let k = -69 - -249. List the prime factors of k.
2, 3, 5
List the prime fa